r of 192 and 60.
12
What is the greatest common divisor of 260 and 468?
52
What is the highest common divisor of 19 and 4427?
19
What is the greatest common divisor of 10 and 230?
10
Calculate the highest common divisor of 55 and 33.
11
Calculate the greatest common factor of 70 and 180.
10
What is the highest common factor of 78 and 403?
13
Calculate the highest common factor of 578 and 34.
34
What is the greatest common divisor of 6 and 64?
2
What is the highest common divisor of 32 and 5344?
32
What is the highest common factor of 391 and 529?
23
Calculate the highest common factor of 7332 and 1248.
156
What is the greatest common factor of 18 and 27414?
18
What is the highest common divisor of 240 and 165?
15
Calculate the highest common factor of 945 and 21.
21
Calculate the greatest common factor of 25 and 6425.
25
What is the greatest common divisor of 944 and 40?
8
What is the highest common factor of 1209 and 279?
93
What is the highest common factor of 176 and 2893?
11
Calculate the highest common factor of 393 and 6.
3
What is the greatest common factor of 168 and 2296?
56
What is the greatest common divisor of 357 and 629?
17
What is the greatest common factor of 584 and 8?
8
What is the greatest common divisor of 11 and 1991?
11
Calculate the highest common factor of 913 and 308.
11
What is the highest common factor of 172 and 3956?
172
What is the highest common divisor of 19 and 627?
19
What is the highest common divisor of 7 and 56?
7
Calculate the greatest common divisor of 19 and 1.
1
Calculate the greatest common factor of 12 and 366.
6
What is the greatest common divisor of 3 and 3?
3
Calculate the greatest common divisor of 2 and 22.
2
Calculate the highest common factor of 159 and 36.
3
Calculate the highest common factor of 832 and 520.
104
Calculate the highest common factor of 30023 and 14.
7
What is the highest common divisor of 35 and 1575?
35
Calculate the greatest common divisor of 228 and 95.
19
What is the highest common divisor of 4113 and 18?
9
Calculate the greatest common factor of 91 and 35.
7
Calculate the greatest common factor of 285 and 171.
57
Calculate the highest common divisor of 138 and 18.
6
Calculate the highest common divisor of 19492 and 44.
44
Calculate the greatest common divisor of 11620 and 60.
20
What is the greatest common divisor of 138 and 851?
23
Calculate the highest common factor of 31465 and 70.
35
What is the greatest common divisor of 10680 and 50?
10
Calculate the greatest common divisor of 134 and 48374.
134
Calculate the greatest common divisor of 33 and 187.
11
Calculate the greatest common divisor of 48 and 4458.
6
What is the highest common factor of 54 and 15?
3
Calculate the highest common factor of 24 and 968.
8
Calculate the highest common factor of 84 and 24.
12
Calculate the greatest common divisor of 1431 and 9.
9
What is the highest common factor of 19 and 703?
19
What is the highest common factor of 714 and 408?
102
What is the greatest common factor of 186 and 8?
2
What is the greatest common divisor of 18 and 360?
18
Calculate the greatest common divisor of 144 and 584.
8
Calculate the greatest common factor of 2576 and 448.
112
Calculate the greatest common factor of 69 and 2553.
69
What is the highest common factor of 6750 and 216?
54
Calculate the highest common divisor of 35 and 455.
35
What is the highest common factor of 133 and 209?
19
What is the highest common factor of 30 and 534?
6
Calculate the greatest common divisor of 160 and 272.
16
What is the highest common factor of 35585 and 220?
55
Calculate the greatest common divisor of 698 and 2.
2
What is the greatest common divisor of 4 and 788?
4
What is the highest common factor of 9 and 1179?
9
Calculate the highest common factor of 1700 and 1088.
68
What is the greatest common factor of 121 and 11?
11
Calculate the highest common divisor of 255 and 2363.
17
Calculate the greatest common factor of 42 and 2996.
14
What is the greatest common divisor of 3556 and 56?
28
Calculate the greatest common factor of 515 and 5.
5
Calculate the greatest common divisor of 423 and 11233.
47
Calculate the highest common factor of 1131 and 234.
39
Calculate the highest common divisor of 104 and 156.
52
What is the greatest common divisor of 1508 and 52?
52
Calculate the greatest common factor of 32218 and 178.
178
What is the highest common divisor of 2 and 359?
1
What is the highest common factor of 35 and 112?
7
Calculate the highest common factor of 16 and 400.
16
What is the highest common factor of 1634 and 114?
38
Calculate the highest common factor of 38143 and 7.
7
What is the highest common factor of 80 and 40?
40
Calculate the greatest common divisor of 325 and 29250.
325
Calculate the highest common factor of 9 and 33.
3
Calculate the highest common divisor of 1998 and 148.
74
Calculate the greatest common factor of 54 and 342.
18
What is the greatest common divisor of 40 and 13240?
40
What is the highest common divisor of 450 and 30?
30
What is the highest common factor of 10 and 125?
5
Calculate the greatest common factor of 556 and 8.
4
What is the greatest common divisor of 357 and 2346?
51
What is the greatest common divisor of 60 and 4020?
60
Calculate the highest common divisor of 1168 and 14.
2
What is the highest common factor of 2624 and 82?
82
Calculate the highest common factor of 406 and 290.
58
Calculate the highest common divisor of 13 and 403.
13
What is the highest common divisor of 663 and 13?
13
Calculate the greatest common divisor of 54 and 4698.
54
Calculate the greatest common divisor of 600 and 160.
40
What is the greatest common divisor of 19 and 4?
1
Calculate the greatest common factor of 6503 and 35.
7
What is the highest common factor of 1424 and 16?
16
Calculate the highest common divisor of 25206 and 6.
6
Calculate the greatest common factor of 30 and 105.
15
Calculate the highest common divisor of 6745 and 285.
95
What is the greatest common factor of 256 and 448?
64
What is the highest common divisor of 927 and 9?
9
Calculate the highest common divisor of 245 and 14.
7
Calculate the highest common divisor of 819 and 63.
63
Calculate the highest common divisor of 136 and 85.
17
Calculate the highest common factor of 1127 and 98.
49
What is the greatest common divisor of 12 and 1884?
12
What is the greatest common factor of 5 and 375?
5
Calculate the highest common divisor of 162 and 45.
9
What is the highest common factor of 324 and 36?
36
Calculate the highest common divisor of 32 and 28.
4
Calculate the greatest common factor of 1225 and 98.
49
What is the greatest common factor of 17 and 544?
17
What is the highest common divisor of 152 and 21736?
152
Calculate the greatest common factor of 428 and 28.
4
Calculate the greatest common divisor of 59 and 885.
59
What is the greatest common factor of 26 and 56732?
26
What is the highest common divisor of 289 and 2?
1
Calculate the highest common divisor of 92 and 5.
1
What is the greatest common divisor of 1152 and 12?
12
What is the greatest common factor of 195 and 45?
15
What is the greatest common factor of 9 and 369?
9
What is the highest common factor of 57 and 19?
19
Calculate the greatest common divisor of 18 and 1017.
9
Calculate the highest common divisor of 138 and 1955.
23
Calculate the greatest common factor of 1350 and 279.
9
What is the greatest common divisor of 576 and 72?
72
What is the greatest common factor of 198 and 36?
18
What is the highest common factor of 5 and 275?
5
Calculate the greatest common factor of 630 and 2670.
30
Calculate the greatest common factor of 22644 and 18.
18
What is the highest common divisor of 8924 and 69?
23
Calculate the greatest common divisor of 391 and 161.
23
Calculate the highest common divisor of 3114 and 18.
18
Calculate the greatest common factor of 452 and 32.
4
Calculate the highest common factor of 1162 and 112.
14
Calculate the highest common factor of 310 and 10.
10
Calculate the greatest common factor of 45 and 5.
5
Calculate the highest common divisor of 94 and 11233.
47
What is the highest common factor of 564 and 60?
12
What is the greatest common divisor of 33388 and 34?
34
What is the highest common divisor of 22 and 1199?
11
What is the greatest common